v) = v**2 - 7*v - 5. What is p(9)?
13
Let i(g) = -g**2 - g + 42. Determine i(-7).
0
Let i(g) = -2*g**2 - g + 2. Give i(2).
-8
Let i(v) = v**3 - 2*v**2 - 2. Give i(3).
7
Let m(d) = d**2 - 18*d - 8. Calculate m(18).
-8
Let t(l) = l**3 - 12*l**2 + 8*l + 8. Determine t(11).
-25
Let u(j) = j**3 - 28*j**2 + 26*j - 35. Determine u(27).
-62
Let h(j) = -j**3 + 6*j**2 + 3*j + 8. What is h(7)?
-20
Let d(h) = 2*h - 8. Determine d(5).
2
Let y(s) = -3*s**2 - 5*s - 1. Give y(-2).
-3
Let o(t) = -t**3 - 16*t**2 - 17*t - 9. What is o(-15)?
21
Let g(z) = z**3 + 97*z**2 + 4*z + 384. Calculate g(-97).
-4
Let j(k) = k**3 + 19*k**2 - k - 24. What is j(-19)?
-5
Let u(n) = 2*n + 2. What is u(-6)?
-10
Let c(g) = 3*g + 3. Give c(-3).
-6
Let r(u) = 11*u**2 + 7*u - 26. Give r(3).
94
Let j(u) = u**2 + 11*u + 9. Determine j(-10).
-1
Let h(t) = -t**3 + 4*t**2 + 19*t + 10. Give h(7).
-4
Let o(u) = -u**3 - 9*u**2 + 3*u + 23. Determine o(-9).
-4
Let f(y) = -y - 41. What is f(-37)?
-4
Let f(w) = 2*w**2 + 16*w + 12. What is f(-7)?
-2
Let j(r) = 8*r + 1. Calculate j(-1).
-7
Let g(b) = -2*b - 25. Determine g(0).
-25
Let d(c) = -c**3 + c**2 + c + 8. Calculate d(0).
8
Let t(d) = 17*d - 3. Give t(2).
31
Let b(c) = c**3 + 7*c**2 - 12*c - 18. What is b(-8)?
14
Let x(b) = -4*b + 3. Determine x(-6).
27
Let y(c) = -c**3 + 8*c**2 - 17*c - 12. What is y(6)?
-42
Let q(k) = 5*k + 64. Determine q(-21).
-41
Let c(h) = -h**3 - 20*h**2 + 3. What is c(-20)?
3
Let m(v) = -v**3 - v**2 + v - 9. Determine m(0).
-9
Let i(k) = k**3 - 4*k**2 - k + 3. Calculate i(3).
-9
Let r(y) = -y**3 + 7*y**2 + 2*y + 1. Give r(7).
15
Let y(b) = b**2 - 15*b - 15. Give y(16).
1
Let o(y) = y - 5. What is o(12)?
7
Let l(w) = -w + 28. Calculate l(-19).
47
Let j(z) = z**2 - 35*z + 79. Determine j(32).
-17
Let w(r) = 2*r + 21. Determine w(-8).
5
Let a(i) = -2*i - 3. Give a(5).
-13
Let n(i) = i**2 + 3*i + 2. Calculate n(4).
30
Let j(b) = -2*b**2 - 38*b - 22. Give j(-18).
14
Let i(n) = -3*n**2 + 69*n + 142. What is i(-2)?
-8
Let h(t) = -2*t - 7. Determine h(-6).
5
Let j(s) = s**3 + 9*s**2 - 10*s + 5. What is j(-10)?
5
Let z(x) = -x**3 - 5*x**2 + 3*x - 10. Give z(-5).
-25
Let i(c) = c**3 - 9*c**2 + 8*c - 11. Determine i(8).
-11
Let h(a) = -2*a**2 + 25*a + 41. Give h(14).
-1
Let h(y) = y**3 - 5*y**2 - 5*y - 6. Calculate h(6).
0
Let o(k) = -k**2 + 13*k - 22. Calculate o(12).
-10
Let u(p) = p**2 + 19*p + 36. Determine u(-17).
2
Let j(f) = -f**3 + 14*f**2 + f - 1. Calculate j(14).
13
Let r(k) = 10*k**2 - 39*k + 7. What is r(3)?
-20
Let g(v) = v + 28. Give g(-5).
23
Let t(p) = p**3 - 7*p**2 + 6*p + 1. Calculate t(6).
1
Let r(i) = -3*i - 11. Determine r(-6).
7
Let p(m) = 3*m**2 - 2*m + 2. Give p(-2).
18
Let h(l) = 22*l**3 - 2*l**2 + l. Give h(1).
21
Let h(o) = 4*o**3 + o**2 - 2*o - 3. What is h(-2)?
-27
Let u(c) = -c**3 + 20*c**2 - 2*c + 21. Give u(20).
-19
Let w(q) = q**2 + 24*q + 9. What is w(-23)?
-14
Let f(m) = -m**3 + 12*m**2 - m + 5. Determine f(12).
-7
Let f(b) = -b**2 + 31*b + 99. Determine f(34).
-3
Let y(x) = x**2 + 24*x + 67. What is y(-21)?
4
Let i(l) = -7*l + 22. What is i(6)?
-20
Let o(s) = -s + 1. What is o(4)?
-3
Let k(x) = x + 7. What is k(7)?
14
Let h(a) = -3*a**2 - 21*a + 4. What is h(-7)?
4
Let d(y) = 21*y + 1. What is d(-2)?
-41
Let g(k) = k**3 + 21*k**2 - 20*k + 17. Calculate g(-22).
-27
Let y(j) = -j**3 - 10*j**2 - 2*j - 8. Determine y(-10).
12
Let k(n) = 36*n. Determine k(1).
36
Let b(s) = s**3 + 10*s**2 + 12*s + 22. Give b(-9).
-5
Let w(u) = 75*u - 1. What is w(-1)?
-76
Let o(l) = l**3 + 7*l**2 + 7*l - 3. Calculate o(-5).
12
Let t(v) = 8*v**3 + v**2 - 2. Calculate t(1).
7
Let d(y) = -y**2 - 2*y + 8. Calculate d(6).
-40
Let l(z) = -z**2 + 8. Calculate l(-4).
-8
Let g(f) = f**3 + f**2 - 13. Determine g(0).
-13
Let s(c) = c**3 + c - 4. Calculate s(0).
-4
Let t(w) = 6*w - 4. Calculate t(-4).
-28
Let m(b) = 3*b - 29. Determine m(0).
-29
Let n(z) = 9*z**2 - 5*z + 2. Calculate n(2).
28
Let y(j) = -j**2 + 8*j + 10. Determine y(8).
10
Let s(x) = -3*x - 26. What is s(-12)?
10
Let f(u) = 2*u**3 + 6*u**2 - 5*u - 13. Give f(-4).
-25
Let f(p) = 6*p + 17. Give f(-4).
-7
Let v(o) = -o**2 - 9*o + 1. Give v(6).
-89
Let u(h) = 2*h**2 - 22*h - 36. Calculate u(11).
-36
Let k(m) = -m**2 - 10*m - 16. Calculate k(-12).
-40
Let c(h) = -22*h - 670. Give c(-30).
-10
Let b(n) = n**2 - 20*n + 46. Calculate b(18).
10
Let w(q) = q**3 + 7*q**2 + 8*q + 11. Determine w(-6).
-1
Let d(m) = 5*m**2 - 29*m - 7. What is d(6)?
-1
Let a(j) = j**2 - 11*j + 24. What is a(0)?
24
Let f(p) = p**2 - 13*p + 16. What is f(11)?
-6
Let i(s) = s - 9. Calculate i(12).
3
Let q(d) = 4*d - 22. Determine q(9).
14
Let w(x) = -x**3 - 16*x**2 - 61*x - 15. Determine w(-10).
-5
Let x(l) = 2*l**2 - 9*l - 35. Determine x(5).
-30
Let v(u) = -u**3 + 7*u**2 + 7. Determine v(6).
43
Let v(j) = j**3 + 4. What is v(-2)?
-4
Let k(b) = -25*b - 6. What is k(5)?
-131
Let w(z) = z**3 + 11*z**2 + 9*z - 1. Give w(-10).
9
Let i(q) = q**2 - q. Calculate i(-2).
6
Let s(v) = -2*v**2 + 4*v - 1. Determine s(3).
-7
Let z(q) = q**2 + 13*q + 7. Give z(-7).
-35
Let u(b) = -b**3 - 6*b**2 - 3*b + 6. Calculate u(-6).
24
Let d(y) = -13*y - 7. Calculate d(-1).
6
Let o(r) = -2*r**2 + 8*r + 21. Give o(6).
-3
Let i(z) = -3*z**3 + 4*z**2 + 5*z - 5. What is i(2)?
-3
Let u(r) = -r**3 + 19*r**2 - 20*r - 32. What is u(18)?
-68
Let a(m) = m**3 + 5*m**2 - m - 6. Give a(-5).
-1
Let s(x) = x + 11. What is s(-8)?
3
Let k(a) = a**3 - 25*a**2 + 2*a - 50. Determine k(25).
0
Let u(d) = d**3 - 3*d**2 - d + 4. Give u(5).
49
Let z(w) = 2*w + 21. Calculate z(-9).
3
Let t(o) = 4*o + 23. Determine t(-4).
7
Let x(t) = -3*t - 19. Calculate x(9).
-46
Let c(n) = -n**3 - 3*n**2 + 14*n + 29. Determine c(-2).
-3
Let r(z) = -2*z**3 + 3*z**2 + 6*z + 3. Determine r(-2).
19
Let f(j) = -j**3 + 58*j**2 + 2*j - 110. Calculate f(58).
6
Let a(h) = -8*h + 88. Give a(14).
-24
Let s(a) = -a**3 + 14*a**2 + a - 19. What is s(14)?
-5
Let i(q) = -5*q**2 + 39*q + 13. Determine i(8).
5
Let p(y) = -y**2 + 10*y - 10. Give p(9).
-1
Let f(k) = 2*k**2 + 8*k + 10. What is f(-5)?
20
Let y(q) = q**3 - 4*q**2 - q + 2. Calculate y(2).
-8
Let a(u) = -u**3 - 18*u**2 + 22*u + 16. Calculate a(-19).
-41
Let u(j) = -j**3 + 4*j**2 + 7*j - 2. Determine u(5).
8
Let j(y) = -y**3 - 2*y**2 + y + 16. Give j(0).
16
Let p(y) = 5*y**2 - y. Give p(-3).
48
Let t(q) = -4*q + 122. Calculate t(28).
10
Let g(q) = q**2 + 27*q + 5. Calculate g(-26).
-21
Let g(p) = -5*p**3 + 29*p**2 + p + 28. Give g(6).
-2
Let b(i) = -i**3 + 15*i**2 - 17*i + 45. Determine b(14).
3
Let t(j) = j**3 + 20*j**2 + 10*j + 38. Determine t(-19).
209
Let v(i) = -i**2 - 39*i - 73. Determine v(-37).
1
Let o(h) = h**3 - 6*h**2 - 3*h - 7. Calculate o(7).
21
Let k(p) = -p - 13. What is k(4)?
-17
Let o(y) = 3*y + 2. What is o(1)?
5
Let i(y) = -y**3 + 7*y**2 - 3*y + 9. Determine i(7).
-12
Let y(c) = 3*c**2 + 9*c - 4. Calculate y(-5).
26
Let x(q) = 32*q + 1052. What is x(-33)?
-4
Let a(d) = -30*d**2 - 182*d - 19. Calculate a(-6).
-7
Let c(s) = s**3 + 18*s**2 + 16*s - 8. What is c(-17)?
9
Let o(h) = 24*h - 3. Determine o(2).
45
Let n(c) = 44*c + 2. Give n(-1).
-42
Let f(l) = l**2 - 18*l + 3. Determine f(13).
-62
Let z(m) = -16*m - 234. Determine z(-15).
6
Let l(d) = 5*d + 7. Give l(-3).
-8
Let y(r) = r**2 - 3*r - 230. Calculate y(17).
8
Let f(t) = t**2 - 11*t + 5. Calculate f(-6).
107
Let q(i) = 19*i**2 + 1. What is q(1)?
20
Let z(p) = -p**3 + 21*p**2 - 23*p + 22. Calculate z(20).
-38
Let v(t) = -t**3 + 4*t**2 + 8*t + 3. Determine v(-3).
42
Let z(k) = 74*k + 61. What is z(-1)?
-13
Let p(g) = 2*g**2 + 2*g. Determine p(-2).
4
Let v(x) = -4*x + 38. Determine v(9).
2
Let s(x) = -x**3 - 2*x**2 + 2*x - 1. Give s(2).
-13
Let x(b) = -6*b. Determine x(1).
-6
Let t(d) = 136*d + 670. What is t(-5)?
-10
Let s(k) = k**3 + 3*k**2 - 3. Determine s(-2).
1
Let b(w) = 11*w**2 + 1. Calculate b(-1).
12
Let u(w) = -w**3 - 15*w**2 - 26*w - 1. What is u(-13)?
-1
Let a(c) = -2*c**3 + 16*c**2 - 21*c - 9. Give a(6).
9
Let v(y) = -y**3 + 9*y**2 + 20*y + 11. What is v(11)?
-11
Let h(l) = -l**3 - 16*l**2 + 16*l - 9. Calculate h(-17).
8
Let g(f) = f + 2. What is g(-8)?
-6
Let f(d) = -13*d**2 - d. Calculate f(1).
-14
Let a(i) = -i**2 + 3*i. Calculate a(6).
-18
Let s(w) = 10*w + 379. What is s(-38)?
-1
Let q(s) = -3*s**3 - 17*s**2 + 8*s + 7. Give